{"id":8700,"date":"2023-09-20T06:21:55","date_gmt":"2023-09-20T06:21:55","guid":{"rendered":"https:\/\/wptf.themepul.co\/restly\/?page_id=8700"},"modified":"2024-05-03T11:26:21","modified_gmt":"2024-05-03T11:26:21","slug":"service-10","status":"publish","type":"page","link":"https:\/\/bfflooring.ma\/index.php\/service-10\/","title":{"rendered":"Peinture Effet Beton Cire et Effet Beton"},"content":{"rendered":"\t\t<div data-elementor-type=\"wp-page\" data-elementor-id=\"8700\" class=\"elementor elementor-8700\">\n\t\t\t\t\t\t<section class=\"elementor-section elementor-top-section elementor-element elementor-element-2f7bd8e elementor-section-boxed elementor-section-height-default elementor-section-height-default\" data-id=\"2f7bd8e\" data-element_type=\"section\" data-settings=\"{&quot;background_background&quot;:&quot;classic&quot;}\">\n\t\t\t\t\t\t<div class=\"elementor-container elementor-column-gap-default\">\n\t\t\t\t\t<div class=\"elementor-column elementor-col-100 elementor-top-column elementor-element elementor-element-7f41121\" data-id=\"7f41121\" data-element_type=\"column\">\n\t\t\t<div class=\"elementor-widget-wrap elementor-element-populated\">\n\t\t\t\t\t\t<section class=\"elementor-section elementor-inner-section elementor-element elementor-element-4d43543 elementor-section-boxed elementor-section-height-default elementor-section-height-default\" data-id=\"4d43543\" data-element_type=\"section\">\n\t\t\t\t\t\t<div class=\"elementor-container elementor-column-gap-default\">\n\t\t\t\t\t<div class=\"elementor-column elementor-col-100 elementor-inner-column elementor-element elementor-element-3786ba0\" data-id=\"3786ba0\" data-element_type=\"column\">\n\t\t\t<div class=\"elementor-widget-wrap elementor-element-populated\">\n\t\t\t\t\t\t<div class=\"elementor-element elementor-element-5745005 elementor-widget elementor-widget-restly_title\" data-id=\"5745005\" data-element_type=\"widget\" data-widget_type=\"restly_title.default\">\n\t\t\t\t<div class=\"elementor-widget-container\">\n\t\t\t        <div class=\"restly-section-title-wrapper\">\r\n            <div class=\"restly-section-title\">\r\n                <h6 class=\"restly-section-stitle\"><span>NOS SERVICE<\/span><\/h6>                <h2 class=\"restly-section-title\">\r\n                    Decouvrire nos Service de Peinture                                    <\/h2> \r\n            <\/div>\r\n        <\/div>\r\n        \t\t<\/div>\n\t\t\t\t<\/div>\n\t\t\t\t\t<\/div>\n\t\t<\/div>\n\t\t\t\t\t<\/div>\n\t\t<\/section>\n\t\t\t\t\t<\/div>\n\t\t<\/div>\n\t\t\t\t\t<\/div>\n\t\t<\/section>\n\t\t\t\t<section class=\"elementor-section elementor-top-section elementor-element elementor-element-200b713 elementor-section-boxed elementor-section-height-default elementor-section-height-default\" data-id=\"200b713\" data-element_type=\"section\">\n\t\t\t\t\t\t<div class=\"elementor-container elementor-column-gap-default\">\n\t\t\t\t\t<div class=\"elementor-column elementor-col-100 elementor-top-column elementor-element elementor-element-21262bd\" data-id=\"21262bd\" data-element_type=\"column\">\n\t\t\t<div class=\"elementor-widget-wrap elementor-element-populated\">\n\t\t\t\t\t\t<section class=\"elementor-section elementor-inner-section elementor-element elementor-element-ca38939 elementor-section-boxed elementor-section-height-default elementor-section-height-default\" data-id=\"ca38939\" data-element_type=\"section\">\n\t\t\t\t\t\t<div class=\"elementor-container elementor-column-gap-default\">\n\t\t\t\t\t<div class=\"elementor-column elementor-col-50 elementor-inner-column elementor-element elementor-element-17f683f\" data-id=\"17f683f\" data-element_type=\"column\">\n\t\t\t<div class=\"elementor-widget-wrap elementor-element-populated\">\n\t\t\t\t\t\t<div class=\"elementor-element elementor-element-f49f8a5 elementor-widget elementor-widget-image\" data-id=\"f49f8a5\" data-element_type=\"widget\" data-widget_type=\"image.default\">\n\t\t\t\t<div class=\"elementor-widget-container\">\n\t\t\t<style>\/*! elementor - v3.21.0 - 18-04-2024 *\/\n.elementor-widget-image{text-align:center}.elementor-widget-image a{display:inline-block}.elementor-widget-image a img[src$=\".svg\"]{width:48px}.elementor-widget-image img{vertical-align:middle;display:inline-block}<\/style>\t\t\t\t\t\t\t\t\t\t<img fetchpriority=\"high\" decoding=\"async\" width=\"800\" height=\"436\" src=\"https:\/\/bfflooring.ma\/wp-content\/uploads\/2024\/04\/beton-cire-sol-la-maison-saint-gobain-800x436-1.jpg\" class=\"attachment-full size-full wp-image-10067\" alt=\"\" srcset=\"https:\/\/bfflooring.ma\/wp-content\/uploads\/2024\/04\/beton-cire-sol-la-maison-saint-gobain-800x436-1.jpg 800w, https:\/\/bfflooring.ma\/wp-content\/uploads\/2024\/04\/beton-cire-sol-la-maison-saint-gobain-800x436-1-300x164.jpg 300w, https:\/\/bfflooring.ma\/wp-content\/uploads\/2024\/04\/beton-cire-sol-la-maison-saint-gobain-800x436-1-768x419.jpg 768w, https:\/\/bfflooring.ma\/wp-content\/uploads\/2024\/04\/beton-cire-sol-la-maison-saint-gobain-800x436-1-600x327.jpg 600w\" sizes=\"(max-width: 800px) 100vw, 800px\" \/>\t\t\t\t\t\t\t\t\t\t\t\t\t<\/div>\n\t\t\t\t<\/div>\n\t\t\t\t<div class=\"elementor-element elementor-element-60837b0 elementor-widget__width-initial elementor-widget elementor-widget-image\" data-id=\"60837b0\" data-element_type=\"widget\" data-widget_type=\"image.default\">\n\t\t\t\t<div class=\"elementor-widget-container\">\n\t\t\t\t\t\t\t\t\t\t\t\t\t<img decoding=\"async\" width=\"768\" height=\"444\" src=\"https:\/\/bfflooring.ma\/wp-content\/uploads\/2024\/04\/beton-cire-sol-maison-768x444-2.jpg\" class=\"attachment-full size-full wp-image-10068\" alt=\"\" srcset=\"https:\/\/bfflooring.ma\/wp-content\/uploads\/2024\/04\/beton-cire-sol-maison-768x444-2.jpg 768w, https:\/\/bfflooring.ma\/wp-content\/uploads\/2024\/04\/beton-cire-sol-maison-768x444-2-300x173.jpg 300w, https:\/\/bfflooring.ma\/wp-content\/uploads\/2024\/04\/beton-cire-sol-maison-768x444-2-600x347.jpg 600w\" sizes=\"(max-width: 768px) 100vw, 768px\" \/>\t\t\t\t\t\t\t\t\t\t\t\t\t<\/div>\n\t\t\t\t<\/div>\n\t\t\t\t\t<\/div>\n\t\t<\/div>\n\t\t\t\t<div class=\"elementor-column elementor-col-50 elementor-inner-column elementor-element elementor-element-19e5f31\" data-id=\"19e5f31\" data-element_type=\"column\">\n\t\t\t<div class=\"elementor-widget-wrap elementor-element-populated\">\n\t\t\t\t\t\t<div class=\"elementor-element elementor-element-820eebf elementor-widget elementor-widget-restly_about\" data-id=\"820eebf\" data-element_type=\"widget\" data-widget_type=\"restly_about.default\">\n\t\t\t\t<div class=\"elementor-widget-container\">\n\t\t\t        <div class=\"restly-about-wrapper\">\n            <div class=\"restly-about-content text-left\">\n                                \n                <h6 class=\"restly-about-stitle\"><span>D\u00c9FINITIONS<\/span><\/h6>\n                \n                <h2 class=\"restly-about-title\">peinture effet beton cire et effet beton<\/h2>\n                <div class=\"restly-about-dec\">\n                    <div class=\"elementor-element elementor-element-4bfbaf4 elementor-widget__width-initial elementor-widget elementor-widget-text-editor\"><div class=\"elementor-widget-container\"><div class=\"wpb_column vc_column_container vc_col-sm-12 vc_col-lg-5 vc_col-md-12 vc_col-xs-12 wd-rs-611d0f668c845\"><div class=\"vc_column-inner vc_custom_1629294445948\"><div class=\"wpb_wrapper\"><div class=\"wd-text-block wd-wpb reset-last-child wd-animation-slide-from-bottom wd-animation-normal wd-rs-61ee8a8586311 wd-width-100 text-left wd-font-weight-400 wd-fontsize-m font-primary wd-animation-ready wd-animated\"><p>Bienvenue chez BFFLOORING, votre destination pour l\u2019artisanat exquis du b\u00e9ton cir\u00e9 et l\u2019effet b\u00e9ton. Nous marions habilement innovation et esth\u00e9tique pour cr\u00e9er des espaces modernes, sophistiqu\u00e9s et uniques gr\u00e2ce \u00e0 notre expertise in\u00e9gal\u00e9e dans l\u2019application de b\u00e9ton cir\u00e9 et d\u2019effets b\u00e9ton.<\/p><ul class=\"lte-list\"><li>B\u00e9ton Cir\u00e9, l\u2019\u00c9l\u00e9gance Durable :<\/li><\/ul><p>Esth\u00e9tique Raffin\u00e9e : Le b\u00e9ton cir\u00e9 offre une esth\u00e9tique sophistiqu\u00e9e et contemporaine. Sa finition lisse et soyeuse cr\u00e9e un aspect minimaliste et \u00e9l\u00e9gant, ajoutant une touche moderne \u00e0 tout espace int\u00e9rieur.<\/p><ul class=\"lte-list\"><li>Polyvalence Illimit\u00e9e :<\/li><\/ul><p>Le b\u00e9ton cir\u00e9 peut \u00eatre appliqu\u00e9 sur une vari\u00e9t\u00e9 de surfaces, des murs aux sols, en passant par les comptoirs, les salles de bains et les meubles. Cette polyvalence en fait un choix adapt\u00e9 \u00e0 divers projets de design int\u00e9rieur.<\/p><ul class=\"lte-list\"><li>R\u00e9sistance et Durabilit\u00e9 :<\/li><\/ul><p>Le b\u00e9ton cir\u00e9 est reconnu pour sa durabilit\u00e9 et sa r\u00e9sistance. Il peut supporter l\u2019usure quotidienne et est facile \u00e0 nettoyer, ce qui en fait une option id\u00e9ale pour les espaces tr\u00e8s fr\u00e9quent\u00e9s.<\/p><ul class=\"lte-list\"><li>Effet B\u00e9ton, l\u2019Essence de l\u2019Industriel Chic :<\/li><\/ul><p>Apparence Industrielle \u00c9l\u00e9gante : L\u2019effet b\u00e9ton offre l\u2019apparence brute et contemporaine du b\u00e9ton, \u00e9voquant l\u2019environnement industriel. Ses nuances de gris et sa texture unique ajoutent un caract\u00e8re audacieux et moderne \u00e0 n\u2019importe quelle pi\u00e8ce.<\/p><ul class=\"lte-list\"><li>Personnalisation sans Limites :<\/li><\/ul><p>Avec notre expertise, nous pouvons personnaliser l\u2019effet b\u00e9ton selon vos pr\u00e9f\u00e9rences en mati\u00e8re de teintes, de finitions et de motifs. Nous vous aidons \u00e0 cr\u00e9er une esth\u00e9tique qui correspond parfaitement \u00e0 votre vision et \u00e0 l\u2019atmosph\u00e8re recherch\u00e9e.<\/p><ul class=\"lte-list\"><li>Application Expertis\u00e9e :<\/li><\/ul><p>L\u2019application de l\u2019effet b\u00e9ton n\u00e9cessite une main experte pour obtenir un rendu authentique. Notre \u00e9quipe qualifi\u00e9e ma\u00eetrise l\u2019art de l\u2019application pour cr\u00e9er un effet b\u00e9ton impressionnant et convaincant.<\/p><p>Chez BFFLORING, nous sommes d\u00e9di\u00e9s \u00e0 vous offrir des espaces uniques qui racontent une histoire \u00e0 travers le b\u00e9ton cir\u00e9 et l\u2019effet b\u00e9ton. Contactez-nous aujourd\u2019hui pour une consultation personnalis\u00e9e et d\u00e9couvrez comment nous pouvons transcender vos espaces avec ces techniques de design contemporaines et \u00e9l\u00e9gantes.<\/p><\/div><\/div><\/div><\/div><\/div><\/div><div class=\"elementor-element elementor-element-4c7b5d1 elementor-widget elementor-widget-spacer\"><div class=\"elementor-widget-container\"><div class=\"elementor-spacer\">\u00a0<\/div><\/div><\/div>                <\/div>\n            <\/div>\n        <\/div>\n        \t\t<\/div>\n\t\t\t\t<\/div>\n\t\t\t\t\t<\/div>\n\t\t<\/div>\n\t\t\t\t\t<\/div>\n\t\t<\/section>\n\t\t\t\t\t<\/div>\n\t\t<\/div>\n\t\t\t\t\t<\/div>\n\t\t<\/section>\n\t\t\t\t<section class=\"elementor-section elementor-top-section elementor-element elementor-element-bd25560 elementor-section-boxed elementor-section-height-default elementor-section-height-default\" data-id=\"bd25560\" data-element_type=\"section\" data-settings=\"{&quot;background_background&quot;:&quot;classic&quot;}\">\n\t\t\t\t\t\t<div class=\"elementor-container elementor-column-gap-default\">\n\t\t\t\t\t<div class=\"elementor-column elementor-col-100 elementor-top-column elementor-element elementor-element-3641a96\" data-id=\"3641a96\" data-element_type=\"column\">\n\t\t\t<div class=\"elementor-widget-wrap elementor-element-populated\">\n\t\t\t\t\t\t<section class=\"elementor-section elementor-inner-section elementor-element elementor-element-0ce2270 elementor-section-boxed elementor-section-height-default elementor-section-height-default\" data-id=\"0ce2270\" data-element_type=\"section\" data-settings=\"{&quot;background_background&quot;:&quot;classic&quot;}\">\n\t\t\t\t\t\t<div class=\"elementor-container elementor-column-gap-default\">\n\t\t\t\t\t<div class=\"elementor-column elementor-col-100 elementor-inner-column elementor-element elementor-element-1409e85\" data-id=\"1409e85\" data-element_type=\"column\">\n\t\t\t<div class=\"elementor-widget-wrap elementor-element-populated\">\n\t\t\t\t\t\t<div class=\"elementor-element elementor-element-064c903 elementor-widget elementor-widget-restly_title\" data-id=\"064c903\" data-element_type=\"widget\" data-widget_type=\"restly_title.default\">\n\t\t\t\t<div class=\"elementor-widget-container\">\n\t\t\t        <div class=\"restly-section-title-wrapper\">\r\n            <div class=\"restly-section-title\">\r\n                                <h2 class=\"restly-section-title\">\r\n                    BFFLOORING SP\u00c9CIALISTE Des Peinture                                     <\/h2> \r\n            <\/div>\r\n        <\/div>\r\n        \t\t<\/div>\n\t\t\t\t<\/div>\n\t\t\t\t\t<\/div>\n\t\t<\/div>\n\t\t\t\t\t<\/div>\n\t\t<\/section>\n\t\t\t\t\t<\/div>\n\t\t<\/div>\n\t\t\t\t\t<\/div>\n\t\t<\/section>\n\t\t\t\t<section class=\"elementor-section elementor-top-section elementor-element elementor-element-905b1bb elementor-section-boxed elementor-section-height-default elementor-section-height-default\" data-id=\"905b1bb\" data-element_type=\"section\" data-settings=\"{&quot;background_background&quot;:&quot;classic&quot;}\">\n\t\t\t\t\t\t<div class=\"elementor-container elementor-column-gap-default\">\n\t\t\t\t\t<div class=\"elementor-column elementor-col-100 elementor-top-column elementor-element elementor-element-877bf56\" data-id=\"877bf56\" data-element_type=\"column\">\n\t\t\t<div class=\"elementor-widget-wrap elementor-element-populated\">\n\t\t\t\t\t\t<section class=\"elementor-section elementor-inner-section elementor-element elementor-element-20d8c46 elementor-section-boxed elementor-section-height-default elementor-section-height-default\" data-id=\"20d8c46\" data-element_type=\"section\" data-settings=\"{&quot;background_background&quot;:&quot;classic&quot;}\">\n\t\t\t\t\t\t<div class=\"elementor-container elementor-column-gap-default\">\n\t\t\t\t\t<div class=\"elementor-column elementor-col-50 elementor-inner-column elementor-element elementor-element-cfa568d\" data-id=\"cfa568d\" data-element_type=\"column\">\n\t\t\t<div class=\"elementor-widget-wrap elementor-element-populated\">\n\t\t\t\t\t\t<div class=\"elementor-element elementor-element-23e0919 elementor-widget elementor-widget-restly_title\" data-id=\"23e0919\" data-element_type=\"widget\" data-widget_type=\"restly_title.default\">\n\t\t\t\t<div class=\"elementor-widget-container\">\n\t\t\t        <div class=\"restly-section-title-wrapper\">\r\n            <div class=\"restly-section-title\">\r\n                                <h2 class=\"restly-section-title\">\r\n                    NOUS CONTACTEZ                                    <\/h2> \r\n            <\/div>\r\n        <\/div>\r\n        \t\t<\/div>\n\t\t\t\t<\/div>\n\t\t\t\t<div class=\"elementor-element elementor-element-75b2c53 elementor-widget elementor-widget-shortcode\" data-id=\"75b2c53\" data-element_type=\"widget\" data-widget_type=\"shortcode.default\">\n\t\t\t\t<div class=\"elementor-widget-container\">\n\t\t\t\t\t<div class=\"elementor-shortcode\">\n<div class=\"wpcf7 no-js\" id=\"wpcf7-f2367-o1\" lang=\"en-US\" dir=\"ltr\">\n<div class=\"screen-reader-response\"><p role=\"status\" aria-live=\"polite\" aria-atomic=\"true\"><\/p> <ul><\/ul><\/div>\n<form action=\"\/index.php\/wp-json\/wp\/v2\/pages\/8700#wpcf7-f2367-o1\" method=\"post\" class=\"wpcf7-form init\" aria-label=\"Contact form\" novalidate=\"novalidate\" data-status=\"init\">\n<div style=\"display: none;\">\n<input type=\"hidden\" name=\"_wpcf7\" value=\"2367\" \/>\n<input type=\"hidden\" name=\"_wpcf7_version\" value=\"5.9.3\" \/>\n<input type=\"hidden\" name=\"_wpcf7_locale\" value=\"en_US\" \/>\n<input type=\"hidden\" name=\"_wpcf7_unit_tag\" value=\"wpcf7-f2367-o1\" \/>\n<input type=\"hidden\" name=\"_wpcf7_container_post\" value=\"0\" \/>\n<input type=\"hidden\" name=\"_wpcf7_posted_data_hash\" value=\"\" \/>\n<\/div>\n<div class=\"restly-home-form\">\n    <div class=\"row\">\n        <div class=\"col-12 col-md-6\">\n            <div class=\"restly-home-form-input restly-input name\">\n            <span class=\"wpcf7-form-control-wrap\" data-name=\"yourname\"><input size=\"40\" class=\"wpcf7-form-control wpcf7-text wpcf7-validates-as-required\" aria-required=\"true\" aria-invalid=\"false\" placeholder=\"Non\" value=\"\" type=\"text\" name=\"yourname\" \/><\/span>\n            <\/div>\n        <\/div>\n        <div class=\"col-12 col-md-6\">\n            <div class=\"restly-home-form-input restly-input email\">\n            <span class=\"wpcf7-form-control-wrap\" data-name=\"youremail\"><input size=\"40\" class=\"wpcf7-form-control wpcf7-email wpcf7-validates-as-required wpcf7-text wpcf7-validates-as-email\" aria-required=\"true\" aria-invalid=\"false\" placeholder=\"Email\" value=\"\" type=\"email\" name=\"youremail\" \/><\/span>\n            <\/div>\n        <\/div>\n        <div class=\"col-12 col-md-6\">\n            <div class=\"restly-home-form-input restly-input phone\">\n            <span class=\"wpcf7-form-control-wrap\" data-name=\"yourphone\"><input size=\"40\" class=\"wpcf7-form-control wpcf7-tel wpcf7-validates-as-required wpcf7-text wpcf7-validates-as-tel\" aria-required=\"true\" aria-invalid=\"false\" placeholder=\"t\u00e9l\" value=\"\" type=\"tel\" name=\"yourphone\" \/><\/span>\n            <\/div>\n        <\/div>\n        <div class=\"col-12 col-md-6\">\n            <div class=\"restly-home-form-input restly-input cform-input website\">\n            <span class=\"wpcf7-form-control-wrap\" data-name=\"website\"><input size=\"40\" class=\"wpcf7-form-control wpcf7-url wpcf7-validates-as-required wpcf7-text wpcf7-validates-as-url\" aria-required=\"true\" aria-invalid=\"false\" placeholder=\"Website\" value=\"\" type=\"url\" name=\"website\" \/><\/span>\n            <\/div>\n        <\/div>\n        <div class=\"col-12 col-md-12\">\n            <div class=\"restly-home-input restly-input message\">\n            <span class=\"wpcf7-form-control-wrap\" data-name=\"message\"><textarea cols=\"10\" rows=\"4\" class=\"wpcf7-form-control wpcf7-textarea\" aria-invalid=\"false\" placeholder=\"votre message.\" name=\"message\"><\/textarea><\/span>\n            <\/div>\n            <div class=\"restly-message-btn\">\n            <input class=\"wpcf7-form-control wpcf7-submit has-spinner\" type=\"submit\" value=\"Message\" \/>\n            <\/div>\n        <\/div>\n    <\/div>\n<\/div><div class=\"wpcf7-response-output\" aria-hidden=\"true\"><\/div>\n<\/form>\n<\/div>\n<\/div>\n\t\t\t\t<\/div>\n\t\t\t\t<\/div>\n\t\t\t\t\t<\/div>\n\t\t<\/div>\n\t\t\t\t<div class=\"elementor-column elementor-col-50 elementor-inner-column elementor-element elementor-element-6752006\" data-id=\"6752006\" data-element_type=\"column\" data-settings=\"{&quot;background_background&quot;:&quot;classic&quot;}\">\n\t\t\t<div class=\"elementor-widget-wrap elementor-element-populated\">\n\t\t\t\t\t<div class=\"elementor-background-overlay\"><\/div>\n\t\t\t\t\t\t<div class=\"elementor-element elementor-element-d540778 elementor-widget elementor-widget-restly_contact_info\" data-id=\"d540778\" data-element_type=\"widget\" data-widget_type=\"restly_contact_info.default\">\n\t\t\t\t<div class=\"elementor-widget-container\">\n\t\t\t        <div class=\"restly-contact-info-warpper\">\r\n            <div class=\"restly-contact-info\">\r\n                <h2 class=\"contact-info-title\">Entrer en Contact<\/h2>                <div class=\"restly-contact-info-items\">\r\n                                        <div class=\"restly-cinfo d-flex align-items-center\">\r\n                        <div class=\"restly-cinfo-icon\">\r\n                            <i class=\"fas fa-phone-alt\"><\/i>\r\n                        <\/div>\r\n                        <div class=\"restly-cinfo-dec\">\r\n                            <span>Contact<\/span>\r\n                            <p>+212656552482<\/p>                        <\/div>\r\n                    <\/div>\r\n                                        <div class=\"restly-cinfo d-flex align-items-center\">\r\n                        <div class=\"restly-cinfo-icon\">\r\n                            <i class=\"far fa-envelope\"><\/i>\r\n                        <\/div>\r\n                        <div class=\"restly-cinfo-dec\">\r\n                            <span>Email<\/span>\r\n                            <p>admin@bfflooring.ma<\/p>                        <\/div>\r\n                    <\/div>\r\n                                        <div class=\"restly-cinfo d-flex align-items-center\">\r\n                        <div class=\"restly-cinfo-icon\">\r\n                            <i class=\"fas fa-clock\"><\/i>\r\n                        <\/div>\r\n                        <div class=\"restly-cinfo-dec\">\r\n                            <span>heures d&#039;ouverture:<\/span>\r\n                            <p>\u00a08:00h - 18:00h<\/p>                        <\/div>\r\n                    <\/div>\r\n                                    <\/div>\r\n            <\/div>\r\n        <\/div>\r\n        \t\t<\/div>\n\t\t\t\t<\/div>\n\t\t\t\t\t<\/div>\n\t\t<\/div>\n\t\t\t\t\t<\/div>\n\t\t<\/section>\n\t\t\t\t\t<\/div>\n\t\t<\/div>\n\t\t\t\t\t<\/div>\n\t\t<\/section>\n\t\t\t\t<\/div>\n\t\t","protected":false},"excerpt":{"rendered":"<p>NOS SERVICE Decouvrire nos Service de Peinture D\u00c9FINITIONS peinture effet beton cire et effet beton Bienvenue chez BFFLOORING, votre destination pour l\u2019artisanat exquis du b\u00e9ton cir\u00e9 et l\u2019effet b\u00e9ton. Nous marions habilement innovation et esth\u00e9tique pour cr\u00e9er des espaces modernes, sophistiqu\u00e9s et uniques gr\u00e2ce \u00e0 notre expertise in\u00e9gal\u00e9e dans l\u2019application de b\u00e9ton cir\u00e9 et d\u2019effets [&hellip;]<\/p>\n","protected":false},"author":1,"featured_media":0,"parent":0,"menu_order":0,"comment_status":"closed","ping_status":"closed","template":"blank-template.php","meta":{"footnotes":""},"class_list":["post-8700","page","type-page","status-publish","hentry"],"_links":{"self":[{"href":"https:\/\/bfflooring.ma\/index.php\/wp-json\/wp\/v2\/pages\/8700","targetHints":{"allow":["GET"]}}],"collection":[{"href":"https:\/\/bfflooring.ma\/index.php\/wp-json\/wp\/v2\/pages"}],"about":[{"href":"https:\/\/bfflooring.ma\/index.php\/wp-json\/wp\/v2\/types\/page"}],"author":[{"embeddable":true,"href":"https:\/\/bfflooring.ma\/index.php\/wp-json\/wp\/v2\/users\/1"}],"replies":[{"embeddable":true,"href":"https:\/\/bfflooring.ma\/index.php\/wp-json\/wp\/v2\/comments?post=8700"}],"version-history":[{"count":11,"href":"https:\/\/bfflooring.ma\/index.php\/wp-json\/wp\/v2\/pages\/8700\/revisions"}],"predecessor-version":[{"id":10281,"href":"https:\/\/bfflooring.ma\/index.php\/wp-json\/wp\/v2\/pages\/8700\/revisions\/10281"}],"wp:attachment":[{"href":"https:\/\/bfflooring.ma\/index.php\/wp-json\/wp\/v2\/media?parent=8700"}],"curies":[{"name":"wp","href":"https:\/\/api.w.org\/{rel}","templated":true}]}}